{"id":3418,"date":"2020-12-28T00:58:35","date_gmt":"2020-12-28T00:58:35","guid":{"rendered":"https:\/\/amazov.com.br\/?page_id=3418"},"modified":"2021-01-08T16:27:39","modified_gmt":"2021-01-08T16:27:39","slug":"amazov","status":"publish","type":"page","link":"https:\/\/amazov.com.br\/index.php\/amazov\/","title":{"rendered":"Amazov"},"content":{"rendered":"[vc_row et_full_width=&#8221;true&#8221; et_row_padding=&#8221;true&#8221; et_column_align=&#8221;align-center&#8221; parallax=&#8221;content-moving&#8221;][vc_column et_column_color=&#8221;et-light-column&#8221;]\r\n\t\t<div class=\"et-banner-69f4deac2dfd9 et-banner content-full  height_70 image-type-css has-alt-image text-color-light hover-effect hover-zoom \"><div class=\"et-banner-image vh-height\" style=\"background-image: url(https:\/\/amazov.com.br\/wp-content\/uploads\/2020\/12\/amazov_.jpg);\"><\/div><div class=\"et-banner-image vh-height et-banner-alt-image\" style=\"background-image: url(https:\/\/amazov.com.br\/wp-content\/uploads\/2021\/01\/b3.jpg);\"><\/div>\r\n\t\t\t<div class=\"et-banner-content\">\r\n\t\t\t\t<div class=\"et-banner-content-inner container\">\r\n\t\t\t\t\t<div class=\"et-banner-text h_center v_center align_center\">\r\n\t\t\t\t\t\t<div class=\"et-banner-text-inner animated\" data-animate=\"et-fadeInUp\"><h2 class=\"et-banner-title color- xlarge\">A nossa natureza<\/h2><h4 class=\"et-banner-subtitle  color- text_style\">Amazov<\/h4><\/div>\r\n\t\t\t\t\t<\/div>\r\n\t\t\t\t<\/div>\r\n\t\t\t<\/div>\r\n\t\t<\/div>[\/vc_column][\/vc_row][vc_row et_column_align=&#8221;align-center&#8221; css=&#8221;.vc_custom_1579121915525{padding-top: 60px !important;padding-bottom: 35px !important;}&#8221;][vc_column animation=&#8221;animation bottom-to-top&#8221; offset=&#8221;vc_col-lg-8&#8243;][vc_row_inner et_column_align=&#8221;align-center&#8221;][vc_column_inner][vc_column_text]\n<h2>Quem foram as Amazonas?<\/h2>\n[\/vc_column_text][vc_column_text]\n<div>Foram as maiores mulheres guerreiras da hist\u00f3ria da humanidade. Lutavam de espadas, arcos e flechas. O rio Amazonas recebeu este nome pelas mulheres guerreiras que viviam nas suas margens na \u00e9poca do descobrimento.<\/div>\n<div>A\u00a0<strong>Amazov<\/strong>\u00a0existe para valorizar voc\u00ea \u201cMulher \u00a0Guerreira\u201d do s\u00e9culo XXI, que exerce v\u00e1rios pap\u00e9is, \u00e9 mulher, filha, esposa, m\u00e3e, profissional e etc. Voc\u00ea merece o nosso melhor!<\/div>\n[\/vc_column_text][\/vc_column_inner][\/vc_row_inner][vc_row_inner et_column_align=&#8221;align-center&#8221;][vc_column_inner width=&#8221;1\/3&#8243;][vc_column_text]\n<h4 class=\"vc_custom_heading\">A Natureza da Amazov \u00e9 \u00fanica como voc\u00ea<\/h4>\n[\/vc_column_text][\/vc_column_inner][vc_column_inner width=&#8221;2\/3&#8243;][vc_column_text]\n<div>A\u00a0<strong>Amazov<\/strong>\u00a0nasce com a proposta de exaltar a identidade da mulher guerreira, forte e que tem na sociedade moderna muitos fatores semelhantes as suas origens.<\/div>\n<div><\/div>\n[\/vc_column_text][\/vc_column_inner][\/vc_row_inner][\/vc_column][\/vc_row][vc_row][vc_column][vc_row_inner][vc_column_inner animation=&#8221;animation bottom-to-top&#8221;]\t<div id=\"et-image-476\" class=\"et-image aligncenter    et_image_link\">\n\t\t<div class=\"et-image-inner animation bottom-to-top\">\n\t\t\t\t\t\t\t<div class=\"et-image-thumb \">\n\t\t\t\t\t<img loading=\"lazy\" decoding=\"async\" width=\"1200\" height=\"707\" src=\"https:\/\/amazov.com.br\/wp-content\/uploads\/2020\/12\/azov_logo.jpg\" class=\"attachment-full size-full\" alt=\"\" srcset=\"https:\/\/amazov.com.br\/wp-content\/uploads\/2020\/12\/azov_logo.jpg 1200w, https:\/\/amazov.com.br\/wp-content\/uploads\/2020\/12\/azov_logo-300x177.jpg 300w, https:\/\/amazov.com.br\/wp-content\/uploads\/2020\/12\/azov_logo-1024x603.jpg 1024w, https:\/\/amazov.com.br\/wp-content\/uploads\/2020\/12\/azov_logo-768x452.jpg 768w, https:\/\/amazov.com.br\/wp-content\/uploads\/2020\/12\/azov_logo-150x88.jpg 150w, https:\/\/amazov.com.br\/wp-content\/uploads\/2020\/12\/azov_logo-450x265.jpg 450w, https:\/\/amazov.com.br\/wp-content\/uploads\/2020\/12\/azov_logo-1000x589.jpg 1000w\" sizes=\"(max-width: 1200px) 100vw, 1200px\" \/>\t\t\t\t<\/div>\n\t\t\t\t\t\t\t\t\t\t\t<\/div>\n\t<\/div>\n  [\/vc_column_inner][\/vc_row_inner][\/vc_column][\/vc_row][vc_row et_column_align=&#8221;align-center&#8221; css=&#8221;.vc_custom_1579121928936{padding-top: 60px !important;padding-bottom: 60px !important;}&#8221;][vc_column offset=&#8221;vc_col-lg-8&#8243;][vc_row_inner et_column_align=&#8221;align-center&#8221;][vc_column_inner width=&#8221;1\/3&#8243;][vc_column_text]\n<h4 class=\"vc_custom_heading\">O que \u00e9 o Mar de Azov?<\/h4>\n[\/vc_column_text][\/vc_column_inner][vc_column_inner width=&#8221;2\/3&#8243;][vc_column_text]O Mar de Azov \u00e9 uma pequena regi\u00e3o ao norte do Mar Negro, ligado a ele pelo Estreito de Kerch. Tem ao norte a Ucr\u00e2nia, a leste a R\u00fassia e ao oeste a pen\u00edncula da Crimeia. Na Gr\u00e9cia Antiga era conhecida como Lagoa Me\u00f3tida.<\/p>\n<p>Diz a hist\u00f3ria, que l\u00e1 foi o ber\u00e7o e o ref\u00fagio dessas mulheres guerreiras. Elas lutaram contra grandes ex\u00e9rcitos e em grandes batalhas como a de Tr\u00f3ia. Sua fama se espalhou por todo o mundo antigo.[\/vc_column_text][\/vc_column_inner][\/vc_row_inner][\/vc_column][\/vc_row][vc_row][vc_column][vc_row_inner][vc_column_inner width=&#8221;1\/3&#8243; animation=&#8221;animation bottom-to-top&#8221;]\t<div id=\"et-image-10\" class=\"et-image     et_image_link\">\n\t\t<div class=\"et-image-inner \">\n\t\t\t\t\t\t\t<div class=\"et-image-thumb \">\n\t\t\t\t\t<img loading=\"lazy\" decoding=\"async\" width=\"600\" height=\"398\" src=\"https:\/\/amazov.com.br\/wp-content\/uploads\/2020\/12\/azov_foto1.jpg\" class=\"attachment-full size-full\" alt=\"\" srcset=\"https:\/\/amazov.com.br\/wp-content\/uploads\/2020\/12\/azov_foto1.jpg 600w, https:\/\/amazov.com.br\/wp-content\/uploads\/2020\/12\/azov_foto1-300x199.jpg 300w, https:\/\/amazov.com.br\/wp-content\/uploads\/2020\/12\/azov_foto1-150x100.jpg 150w, https:\/\/amazov.com.br\/wp-content\/uploads\/2020\/12\/azov_foto1-450x299.jpg 450w\" sizes=\"(max-width: 600px) 100vw, 600px\" \/>\t\t\t\t<\/div>\n\t\t\t\t\t\t\t\t\t\t\t<\/div>\n\t<\/div>\n  [\/vc_column_inner][vc_column_inner width=&#8221;1\/3&#8243;]\t<div id=\"et-image-266\" class=\"et-image     et_image_link\">\n\t\t<div class=\"et-image-inner \">\n\t\t\t\t\t\t\t<div class=\"et-image-thumb \">\n\t\t\t\t\t<img loading=\"lazy\" decoding=\"async\" width=\"600\" height=\"398\" src=\"https:\/\/amazov.com.br\/wp-content\/uploads\/2020\/12\/azov_foto2.jpg\" class=\"attachment-full size-full\" alt=\"\" srcset=\"https:\/\/amazov.com.br\/wp-content\/uploads\/2020\/12\/azov_foto2.jpg 600w, https:\/\/amazov.com.br\/wp-content\/uploads\/2020\/12\/azov_foto2-300x199.jpg 300w, https:\/\/amazov.com.br\/wp-content\/uploads\/2020\/12\/azov_foto2-150x100.jpg 150w, https:\/\/amazov.com.br\/wp-content\/uploads\/2020\/12\/azov_foto2-450x299.jpg 450w\" sizes=\"(max-width: 600px) 100vw, 600px\" \/>\t\t\t\t<\/div>\n\t\t\t\t\t\t\t\t\t\t\t<\/div>\n\t<\/div>\n  [\/vc_column_inner][vc_column_inner width=&#8221;1\/3&#8243;]\t<div id=\"et-image-241\" class=\"et-image     et_image_link\">\n\t\t<div class=\"et-image-inner \">\n\t\t\t\t\t\t\t<div class=\"et-image-thumb \">\n\t\t\t\t\t<img loading=\"lazy\" decoding=\"async\" width=\"600\" height=\"398\" src=\"https:\/\/amazov.com.br\/wp-content\/uploads\/2020\/12\/azov_foto3.jpg\" class=\"attachment-full size-full\" alt=\"\" srcset=\"https:\/\/amazov.com.br\/wp-content\/uploads\/2020\/12\/azov_foto3.jpg 600w, https:\/\/amazov.com.br\/wp-content\/uploads\/2020\/12\/azov_foto3-300x199.jpg 300w, https:\/\/amazov.com.br\/wp-content\/uploads\/2020\/12\/azov_foto3-150x100.jpg 150w, https:\/\/amazov.com.br\/wp-content\/uploads\/2020\/12\/azov_foto3-450x299.jpg 450w\" sizes=\"(max-width: 600px) 100vw, 600px\" \/>\t\t\t\t<\/div>\n\t\t\t\t\t\t\t\t\t\t\t<\/div>\n\t<\/div>\n  [\/vc_column_inner][\/vc_row_inner][\/vc_column][\/vc_row][vc_row et_column_align=&#8221;align-center&#8221; css=&#8221;.vc_custom_1579121928936{padding-top: 60px !important;padding-bottom: 60px !important;}&#8221;][vc_column offset=&#8221;vc_col-lg-8&#8243;][vc_column_text]\n<h2>Nossa proposta<\/h2>\n[\/vc_column_text][vc_column_text]\n<h2>Cuidados com a beleza! Ontem, hoje e sempre<\/h2>\n[\/vc_column_text][vc_column_text]<strong>Amazov<\/strong>\u00a0nasce com a proposta de exaltar a identidade da mulher guerreira, forte e que tem na sociedade moderna muitos fatores semelhantes as suas origens. Uma grande barreira hist\u00f3rica foi vencida, atrav\u00e9s das conquistas de seus direitos, desta vez sem arco e flechas, mas com a mesma determina\u00e7\u00e3o. Hoje, mais do que femininas, as mulheres sabem a import\u00e2ncia do seu papel, lutando cada vez mais em prol da sua independ\u00eancia.<\/p>\n<p><strong>Amazov<\/strong>\u00a0reafirma esse ideal feminino atrav\u00e9s de poderosos aliados, os seus \u201c<strong>produtos cosm\u00e9ticos e de perfumaria<\/strong>\u201d t\u00e3o valorosos, qualificados e \u00fanicos quanto a beleza delas.[\/vc_column_text][vc_column_text]O cuidado com a beleza \u00e9 algo que as mulheres trazem desde o in\u00edcio da civiliza\u00e7\u00e3o at\u00e9 os dias de hoje. N\u00e3o importa o tempo, s\u00f3 mudou os meios, antes era tintas de plantas, hoje temos\u00a0<strong>maquiagens sofisticadas<\/strong>\u00a0criada pela\u00a0<strong>Amazov<\/strong>.[\/vc_column_text][\/vc_column][\/vc_row]\n","protected":false},"excerpt":{"rendered":"<p>[vc_row et_full_width=&#8221;true&#8221; et_row_padding=&#8221;true&#8221; et_column_align=&#8221;align-center&#8221; parallax=&#8221;content-moving&#8221;][vc_column et_column_color=&#8221;et-light-column&#8221;][\/vc_column][\/vc_row][vc_row et_column_align=&#8221;align-center&#8221; css=&#8221;.vc_custom_1579121915525{padding-top: 60px !important;padding-bottom: 35px !important;}&#8221;][vc_column animation=&#8221;animation bottom-to-top&#8221; offset=&#8221;vc_col-lg-8&#8243;][vc_row_inner et_column_align=&#8221;align-center&#8221;][vc_column_inner][vc_column_text] Quem foram as Amazonas? [\/vc_column_text][vc_column_text] Foram as maiores mulheres guerreiras da hist\u00f3ria da humanidade. Lutavam de espadas, arcos e flechas. O rio Amazonas recebeu este nome pelas mulheres guerreiras que viviam nas suas margens&hellip;<\/p>\n","protected":false},"author":1,"featured_media":0,"parent":0,"menu_order":0,"comment_status":"closed","ping_status":"closed","template":"","meta":{"footnotes":""},"class_list":["post-3418","page","type-page","status-publish","hentry"],"_links":{"self":[{"href":"https:\/\/amazov.com.br\/index.php\/wp-json\/wp\/v2\/pages\/3418"}],"collection":[{"href":"https:\/\/amazov.com.br\/index.php\/wp-json\/wp\/v2\/pages"}],"about":[{"href":"https:\/\/amazov.com.br\/index.php\/wp-json\/wp\/v2\/types\/page"}],"author":[{"embeddable":true,"href":"https:\/\/amazov.com.br\/index.php\/wp-json\/wp\/v2\/users\/1"}],"replies":[{"embeddable":true,"href":"https:\/\/amazov.com.br\/index.php\/wp-json\/wp\/v2\/comments?post=3418"}],"version-history":[{"count":18,"href":"https:\/\/amazov.com.br\/index.php\/wp-json\/wp\/v2\/pages\/3418\/revisions"}],"predecessor-version":[{"id":3947,"href":"https:\/\/amazov.com.br\/index.php\/wp-json\/wp\/v2\/pages\/3418\/revisions\/3947"}],"wp:attachment":[{"href":"https:\/\/amazov.com.br\/index.php\/wp-json\/wp\/v2\/media?parent=3418"}],"curies":[{"name":"wp","href":"https:\/\/api.w.org\/{rel}","templated":true}]}}