{"id":3636,"date":"2021-01-04T17:59:00","date_gmt":"2021-01-04T17:59:00","guid":{"rendered":"https:\/\/amazov.com.br\/?post_type=product&#038;p=3636"},"modified":"2025-11-05T15:31:11","modified_gmt":"2025-11-05T15:31:11","slug":"az-hair-pos-quimica-condicionador","status":"publish","type":"product","link":"https:\/\/amazov.com.br\/index.php\/product\/az-hair-pos-quimica-condicionador\/","title":{"rendered":"Az Hair P\u00f3s Qu\u00edmica Condicionador"},"content":{"rendered":"<h4>Cuidado e Manuten\u00e7\u00e3o para tratamentos qu\u00edmicos<\/h4>\n<p>Hidrata e desenbara\u00e7a os cabelos, reparando os danos sofridos por colora\u00e7\u00f5es e outros tratamentos qu\u00edmicos. Rep\u00f5e a queratina e amno\u00e1cidos perdidos, proporcionando a maciez e brilhos aos cabelos.<br \/>\nCOD 0112<\/p>\n","protected":false},"excerpt":{"rendered":"<h4>Cuidado e Manuten\u00e7\u00e3o para tratamentos qu\u00edmicos<\/h4>\n<p>Hidrata e desenbara\u00e7a os cabelos, reparando os danos sofridos por colora\u00e7\u00f5es e outros tratamentos qu\u00edmicos. Rep\u00f5e a queratina e amno\u00e1cidos perdidos, proporcionando a maciez e brilhos aos cabelos.<br \/>\nCOD 0112<\/p>\n","protected":false},"featured_media":3637,"comment_status":"open","ping_status":"closed","template":"","meta":[],"product_cat":[78],"product_tag":[82,79,85],"class_list":{"0":"post-3636","1":"product","2":"type-product","3":"status-publish","4":"has-post-thumbnail","6":"product_cat-az-hair","7":"product_tag-condicionador","8":"product_tag-az-hair","9":"product_tag-pos-quimica","11":"first","12":"instock","13":"shipping-taxable","14":"purchasable","15":"product-type-simple"},"_links":{"self":[{"href":"https:\/\/amazov.com.br\/index.php\/wp-json\/wp\/v2\/product\/3636"}],"collection":[{"href":"https:\/\/amazov.com.br\/index.php\/wp-json\/wp\/v2\/product"}],"about":[{"href":"https:\/\/amazov.com.br\/index.php\/wp-json\/wp\/v2\/types\/product"}],"replies":[{"embeddable":true,"href":"https:\/\/amazov.com.br\/index.php\/wp-json\/wp\/v2\/comments?post=3636"}],"wp:featuredmedia":[{"embeddable":true,"href":"https:\/\/amazov.com.br\/index.php\/wp-json\/wp\/v2\/media\/3637"}],"wp:attachment":[{"href":"https:\/\/amazov.com.br\/index.php\/wp-json\/wp\/v2\/media?parent=3636"}],"wp:term":[{"taxonomy":"product_cat","embeddable":true,"href":"https:\/\/amazov.com.br\/index.php\/wp-json\/wp\/v2\/product_cat?post=3636"},{"taxonomy":"product_tag","embeddable":true,"href":"https:\/\/amazov.com.br\/index.php\/wp-json\/wp\/v2\/product_tag?post=3636"}],"curies":[{"name":"wp","href":"https:\/\/api.w.org\/{rel}","templated":true}]}}