{"id":3644,"date":"2021-01-04T18:49:10","date_gmt":"2021-01-04T18:49:10","guid":{"rendered":"https:\/\/amazov.com.br\/?post_type=product&#038;p=3644"},"modified":"2021-01-06T17:04:43","modified_gmt":"2021-01-06T17:04:43","slug":"az-hair-pos-quimica-spray-capilar","status":"publish","type":"product","link":"https:\/\/amazov.com.br\/index.php\/product\/az-hair-pos-quimica-spray-capilar\/","title":{"rendered":"Az Hair P\u00f3s Qu\u00edmica Spray Capilar"},"content":{"rendered":"<h4>Cuidado e Manuten\u00e7\u00e3o para tratamentos qu\u00edmicos<\/h4>\n<p>Fundo capilar em spray composto por silicones que hidratam e revitalizam os fios dos cabelos danificados por tratamentos qu\u00edmicos. Promove brilho, maciez e flexibilidade aos fios. Pode ser usado como hidratante de uso noturno ou como auxiliar em escovas ou chapinhas, modelando e desembara\u00e7ando, facilitando o pentear.<br \/>\nCOD 0114<\/p>\n","protected":false},"excerpt":{"rendered":"<h4>Cuidado e Manuten\u00e7\u00e3o para tratamentos qu\u00edmicos<\/h4>\n<p>Fundo capilar em spray composto por silicones que hidratam e revitalizam os fios dos cabelos danificados por tratamentos qu\u00edmicos. Promove brilho, maciez e flexibilidade aos fios. Pode ser usado como hidratante de uso noturno ou como auxiliar em escovas ou chapinhas, modelando e desembara\u00e7ando, facilitando o pentear.<br \/>\nCOD 0114<\/p>\n","protected":false},"featured_media":3645,"comment_status":"open","ping_status":"closed","template":"","meta":[],"product_cat":[78],"product_tag":[79,85,84],"class_list":{"0":"post-3644","1":"product","2":"type-product","3":"status-publish","4":"has-post-thumbnail","6":"product_cat-az-hair","7":"product_tag-az-hair","8":"product_tag-pos-quimica","9":"product_tag-spray-capilar","11":"first","12":"instock","13":"shipping-taxable","14":"purchasable","15":"product-type-simple"},"_links":{"self":[{"href":"https:\/\/amazov.com.br\/index.php\/wp-json\/wp\/v2\/product\/3644"}],"collection":[{"href":"https:\/\/amazov.com.br\/index.php\/wp-json\/wp\/v2\/product"}],"about":[{"href":"https:\/\/amazov.com.br\/index.php\/wp-json\/wp\/v2\/types\/product"}],"replies":[{"embeddable":true,"href":"https:\/\/amazov.com.br\/index.php\/wp-json\/wp\/v2\/comments?post=3644"}],"wp:featuredmedia":[{"embeddable":true,"href":"https:\/\/amazov.com.br\/index.php\/wp-json\/wp\/v2\/media\/3645"}],"wp:attachment":[{"href":"https:\/\/amazov.com.br\/index.php\/wp-json\/wp\/v2\/media?parent=3644"}],"wp:term":[{"taxonomy":"product_cat","embeddable":true,"href":"https:\/\/amazov.com.br\/index.php\/wp-json\/wp\/v2\/product_cat?post=3644"},{"taxonomy":"product_tag","embeddable":true,"href":"https:\/\/amazov.com.br\/index.php\/wp-json\/wp\/v2\/product_tag?post=3644"}],"curies":[{"name":"wp","href":"https:\/\/api.w.org\/{rel}","templated":true}]}}