{"id":3678,"date":"2021-01-05T21:33:37","date_gmt":"2021-01-05T21:33:37","guid":{"rendered":"https:\/\/amazov.com.br\/?post_type=product&#038;p=3678"},"modified":"2025-06-22T06:13:27","modified_gmt":"2025-06-22T06:13:27","slug":"face-clean-tonico-facial","status":"publish","type":"product","link":"https:\/\/amazov.com.br\/index.php\/product\/face-clean-tonico-facial\/","title":{"rendered":"Face Clean T\u00f4nico Facial"},"content":{"rendered":"<div>\n<div class=\"element_fade_in show_item\">L\u00edquido purificante que combina v\u00e1rias a\u00e7\u00f5es em um s\u00f3 produto: elimina a sujidade, acalma a pele ap\u00f3s a limpeza, fecha os poros, recondicionando e remineralizando a pele.<\/div>\n<\/div>\n<div><\/div>\n<div>COD 0145<\/div>\n","protected":false},"excerpt":{"rendered":"<div>\n<div class=\"element_fade_in show_item\">L\u00edquido purificante que combina v\u00e1rias a\u00e7\u00f5es em um s\u00f3 produto: elimina a sujidade, acalma a pele ap\u00f3s a limpeza, fecha os poros, recondicionando e remineralizando a pele.<\/div>\n<\/div>\n<div><\/div>\n<div>COD 0145<\/div>\n","protected":false},"featured_media":3679,"comment_status":"open","ping_status":"closed","template":"","meta":[],"product_cat":[104],"product_tag":[105,107,108],"class_list":{"0":"post-3678","1":"product","2":"type-product","3":"status-publish","4":"has-post-thumbnail","6":"product_cat-face-clean","7":"product_tag-face-clean","8":"product_tag-rosto","9":"product_tag-tonico-faciall","11":"first","12":"instock","13":"shipping-taxable","14":"purchasable","15":"product-type-simple"},"_links":{"self":[{"href":"https:\/\/amazov.com.br\/index.php\/wp-json\/wp\/v2\/product\/3678"}],"collection":[{"href":"https:\/\/amazov.com.br\/index.php\/wp-json\/wp\/v2\/product"}],"about":[{"href":"https:\/\/amazov.com.br\/index.php\/wp-json\/wp\/v2\/types\/product"}],"replies":[{"embeddable":true,"href":"https:\/\/amazov.com.br\/index.php\/wp-json\/wp\/v2\/comments?post=3678"}],"wp:featuredmedia":[{"embeddable":true,"href":"https:\/\/amazov.com.br\/index.php\/wp-json\/wp\/v2\/media\/3679"}],"wp:attachment":[{"href":"https:\/\/amazov.com.br\/index.php\/wp-json\/wp\/v2\/media?parent=3678"}],"wp:term":[{"taxonomy":"product_cat","embeddable":true,"href":"https:\/\/amazov.com.br\/index.php\/wp-json\/wp\/v2\/product_cat?post=3678"},{"taxonomy":"product_tag","embeddable":true,"href":"https:\/\/amazov.com.br\/index.php\/wp-json\/wp\/v2\/product_tag?post=3678"}],"curies":[{"name":"wp","href":"https:\/\/api.w.org\/{rel}","templated":true}]}}